
{"id":2942,"date":"2025-02-06T15:43:11","date_gmt":"2025-02-06T18:43:11","guid":{"rendered":"https:\/\/eliezerladeira.com.br\/blog\/?post_type=product&#038;p=2942"},"modified":"2025-08-16T14:11:12","modified_gmt":"2025-08-16T17:11:12","slug":"auxiliar-administrativo","status":"publish","type":"product","link":"https:\/\/eliezerladeira.com.br\/blog\/produto\/auxiliar-administrativo\/","title":{"rendered":"Auxiliar Administrativo"},"content":{"rendered":"<div id=\"conteudo_curso\">\n<p>A\u00a0Administra\u00e7\u00e3o\u00a0\u00e9 o setor respons\u00e1vel pela organiza\u00e7\u00e3o, gerenciamento e planejamento de uma empresa.\u00a0O Auxiliar Administrativo trabalha junto com o administrador, ajudando nas tarefas e decis\u00f5es di\u00e1rias do setor.<\/p>\n<p>O mercado de trabalho para oAuxiliar Administrativo\u00a0\u00e9 amplo, h\u00e1 oportunidades de trabalho em empresas de diversos ramos de atua\u00e7\u00e3o, desde o com\u00e9rcio, servi\u00e7os, at\u00e9 institui\u00e7\u00f5es p\u00fablicas.<\/p>\n<p>No Curso de Auxiliar Administrativo, voc\u00ea ir\u00e1 conhecer a rotina e as atividades do\u00a0Auxiliar Administrativo. Aprender\u00e1 tamb\u00e9m t\u00e9cnicas de arquivamento, o programa 5S, contabilidade b\u00e1sica, entre outros.<\/p>\n<p><strong>Fazendo este curso online voc\u00ea estar\u00e1 pronto para:<\/strong><\/p>\n<ul class=\"descricao\">\n<li>Atuar profissionalmente como Auxiliar Administrativo;<\/li>\n<li>Desempenhar as principais atividades di\u00e1rias exigidas na fun\u00e7\u00e3o;<\/li>\n<li>Buscar continuamente a evolu\u00e7\u00e3o profissional na \u00e1rea.<\/li>\n<\/ul>\n<p>Aprenda tudo por meio de v\u00eddeo-aulas din\u00e2micas e interativas, com um tutor virtual, exemplos e exerc\u00edcios. Voc\u00ea tamb\u00e9m pode baixar as apostilas do curso para arquivar e\/ou imprimir. Ao final,\u00a0receba o seu Certificado de Conclus\u00e3o em casa, sem custo adicional.<\/p>\n<h4><a class=\"showTip L1\">Carga hor\u00e1ria: 50 horas \u2022 In\u00edcio imediato<\/a><\/h4>\n<\/div>\n<div id=\"div_topicos\">\n<h3 class=\"subtitulo_azul\">Os principais t\u00f3picos do Curso de Auxiliar Administrativo s\u00e3o:<\/h3>\n<p class=\"topicos_cursos\"><strong>Unidade 1 \u2013 Contextualiza\u00e7\u00e3o da atividade<\/strong><\/p>\n<ul class=\"descricao\">\n<li>Introdu\u00e7\u00e3o<\/li>\n<li>Conhecendo os setores de uma empresa<\/li>\n<li>Fun\u00e7\u00f5es do auxiliar administrativo<\/li>\n<li>Ambiente de trabalho<\/li>\n<li>Requisitos para a fun\u00e7\u00e3o<\/li>\n<\/ul>\n<p class=\"topicos_cursos\"><strong>Unidade 2 \u2013 Atribui\u00e7\u00f5es do profissional<\/strong><\/p>\n<ul class=\"descricao\">\n<li>Documentos comerciais<\/li>\n<li>Atendimento com qualidade<\/li>\n<li>T\u00e9cnicas de arquivamento<\/li>\n<li>Programa 5S<\/li>\n<\/ul>\n<p class=\"topicos_cursos\"><strong>Unidade 3 \u2013 Aspectos transdisciplinares<\/strong><\/p>\n<ul class=\"descricao\">\n<li>No\u00e7\u00f5es de secretariado<\/li>\n<li>Psicologia organizacional<\/li>\n<li>Reda\u00e7\u00e3o t\u00e9cnica<\/li>\n<li>Contabilidade b\u00e1sica<\/li>\n<li>Departamento pessoal<\/li>\n<\/ul>\n<p class=\"topicos_cursos\"><strong>Unidade 4 \u2013 Fatores que influenciam sua rotina de trabalho<\/strong><\/p>\n<ul class=\"descricao\">\n<li>Relacionamento interpessoal no trabalho<\/li>\n<li>Compet\u00eancias e habilidades necess\u00e1rias para o sucesso profissional<\/li>\n<li>Como lidar com seu chefe<\/li>\n<li>Como elaborar curr\u00edculo e se portar em entrevistas de empregos<\/li>\n<li>Conclus\u00e3o<\/li>\n<\/ul>\n<\/div>\n","protected":false},"excerpt":{"rendered":"<p>Conhe\u00e7a a rotina e os procedimentos desta profiss\u00e3o em crescimento.<\/p>\n","protected":false},"featured_media":2943,"comment_status":"open","ping_status":"closed","template":"","meta":{"colormag_page_layout":"default_layout","_exactmetrics_skip_tracking":false,"_exactmetrics_sitenote_active":false,"_exactmetrics_sitenote_note":"","_exactmetrics_sitenote_category":0,"ngg_post_thumbnail":0,"jetpack_post_was_ever_published":false,"jetpack_publicize_message":"","jetpack_publicize_feature_enabled":true,"jetpack_social_post_already_shared":true,"jetpack_social_options":{"image_generator_settings":{"template":"highway","default_image_id":0,"font":"","enabled":false},"version":2}},"product_brand":[],"product_cat":[906],"product_tag":[910,1167,1175,1176,1169,1168,1170,1171,1173,1174,1172],"class_list":{"0":"post-2942","1":"product","2":"type-product","3":"status-publish","4":"has-post-thumbnail","6":"product_cat-administracao","7":"product_tag-administracao","8":"product_tag-auxiliar-administrativo","9":"product_tag-contabilidade","10":"product_tag-departamento-pessoal","11":"product_tag-gerenciamento","12":"product_tag-organizacao","13":"product_tag-planejamento","14":"product_tag-programa-5s","15":"product_tag-psicologia","16":"product_tag-redacao","17":"product_tag-secretariado","19":"first","20":"instock","21":"shipping-taxable","22":"product-type-external"},"aioseo_notices":[],"jetpack_publicize_connections":[],"jetpack_sharing_enabled":true,"jetpack_likes_enabled":true,"jetpack-related-posts":[{"id":2705,"url":"https:\/\/eliezerladeira.com.br\/blog\/produto\/almoxarifado\/","url_meta":{"origin":2942,"position":0},"title":"Almoxarifado","author":"admin","date":"","format":false,"excerpt":"Saiba como montar e administrar Almoxarifados.","rel":"","context":"Post similar","block_context":{"text":"Post similar","link":""},"img":{"alt_text":"","src":"https:\/\/i0.wp.com\/eliezerladeira.com.br\/blog\/wp-content\/uploads\/2025\/01\/como-ter-eficiencia-no-armazenamento-do-seu-almoxarifado.jpg?resize=350%2C200&ssl=1","width":350,"height":200,"srcset":"https:\/\/i0.wp.com\/eliezerladeira.com.br\/blog\/wp-content\/uploads\/2025\/01\/como-ter-eficiencia-no-armazenamento-do-seu-almoxarifado.jpg?resize=350%2C200&ssl=1 1x, https:\/\/i0.wp.com\/eliezerladeira.com.br\/blog\/wp-content\/uploads\/2025\/01\/como-ter-eficiencia-no-armazenamento-do-seu-almoxarifado.jpg?resize=525%2C300&ssl=1 1.5x, https:\/\/i0.wp.com\/eliezerladeira.com.br\/blog\/wp-content\/uploads\/2025\/01\/como-ter-eficiencia-no-armazenamento-do-seu-almoxarifado.jpg?resize=700%2C400&ssl=1 2x, https:\/\/i0.wp.com\/eliezerladeira.com.br\/blog\/wp-content\/uploads\/2025\/01\/como-ter-eficiencia-no-armazenamento-do-seu-almoxarifado.jpg?resize=1050%2C600&ssl=1 3x"},"classes":[]},{"id":2673,"url":"https:\/\/eliezerladeira.com.br\/blog\/produto\/agente-aeroportuario\/","url_meta":{"origin":2942,"position":1},"title":"Agente Aeroportu\u00e1rio","author":"admin","date":"","format":false,"excerpt":"Conhe\u00e7a as normas e procedimentos seguidos pelos agentes aeroportu\u00e1rios.","rel":"","context":"Post similar","block_context":{"text":"Post similar","link":""},"img":{"alt_text":"","src":"https:\/\/i0.wp.com\/eliezerladeira.com.br\/blog\/wp-content\/uploads\/2025\/01\/agente-de-aeroporto-capa1-e1585143813582.jpg?resize=350%2C200&ssl=1","width":350,"height":200,"srcset":"https:\/\/i0.wp.com\/eliezerladeira.com.br\/blog\/wp-content\/uploads\/2025\/01\/agente-de-aeroporto-capa1-e1585143813582.jpg?resize=350%2C200&ssl=1 1x, https:\/\/i0.wp.com\/eliezerladeira.com.br\/blog\/wp-content\/uploads\/2025\/01\/agente-de-aeroporto-capa1-e1585143813582.jpg?resize=525%2C300&ssl=1 1.5x, https:\/\/i0.wp.com\/eliezerladeira.com.br\/blog\/wp-content\/uploads\/2025\/01\/agente-de-aeroporto-capa1-e1585143813582.jpg?resize=700%2C400&ssl=1 2x"},"classes":[]},{"id":2976,"url":"https:\/\/eliezerladeira.com.br\/blog\/produto\/calculos-trabalhistas\/","url_meta":{"origin":2942,"position":2},"title":"C\u00e1lculos Trabalhistas","author":"admin","date":"","format":false,"excerpt":"Aprenda como realizar C\u00e1lculos Trabalhistas corretamente.","rel":"","context":"Post similar","block_context":{"text":"Post similar","link":""},"img":{"alt_text":"","src":"https:\/\/i0.wp.com\/eliezerladeira.com.br\/blog\/wp-content\/uploads\/2025\/02\/Calculos-Trabalhistas-da-Folha-de-Pagamento.jpg?resize=350%2C200&ssl=1","width":350,"height":200,"srcset":"https:\/\/i0.wp.com\/eliezerladeira.com.br\/blog\/wp-content\/uploads\/2025\/02\/Calculos-Trabalhistas-da-Folha-de-Pagamento.jpg?resize=350%2C200&ssl=1 1x, https:\/\/i0.wp.com\/eliezerladeira.com.br\/blog\/wp-content\/uploads\/2025\/02\/Calculos-Trabalhistas-da-Folha-de-Pagamento.jpg?resize=525%2C300&ssl=1 1.5x, https:\/\/i0.wp.com\/eliezerladeira.com.br\/blog\/wp-content\/uploads\/2025\/02\/Calculos-Trabalhistas-da-Folha-de-Pagamento.jpg?resize=700%2C400&ssl=1 2x, https:\/\/i0.wp.com\/eliezerladeira.com.br\/blog\/wp-content\/uploads\/2025\/02\/Calculos-Trabalhistas-da-Folha-de-Pagamento.jpg?resize=1050%2C600&ssl=1 3x, https:\/\/i0.wp.com\/eliezerladeira.com.br\/blog\/wp-content\/uploads\/2025\/02\/Calculos-Trabalhistas-da-Folha-de-Pagamento.jpg?resize=1400%2C800&ssl=1 4x"},"classes":[]},{"id":2656,"url":"https:\/\/eliezerladeira.com.br\/blog\/produto\/adm-contabil-e-financeira\/","url_meta":{"origin":2942,"position":3},"title":"Adm. Cont\u00e1bil e Financeira","author":"admin","date":"","format":false,"excerpt":"Aprenda a montar um Fluxo de Caixa, Balan\u00e7o Patrimonial, entre outros.","rel":"","context":"Post similar","block_context":{"text":"Post similar","link":""},"img":{"alt_text":"","src":"https:\/\/i0.wp.com\/eliezerladeira.com.br\/blog\/wp-content\/uploads\/2025\/01\/pexels-karolina-grabowska-5900186.jpg?resize=350%2C200&ssl=1","width":350,"height":200,"srcset":"https:\/\/i0.wp.com\/eliezerladeira.com.br\/blog\/wp-content\/uploads\/2025\/01\/pexels-karolina-grabowska-5900186.jpg?resize=350%2C200&ssl=1 1x, https:\/\/i0.wp.com\/eliezerladeira.com.br\/blog\/wp-content\/uploads\/2025\/01\/pexels-karolina-grabowska-5900186.jpg?resize=525%2C300&ssl=1 1.5x, https:\/\/i0.wp.com\/eliezerladeira.com.br\/blog\/wp-content\/uploads\/2025\/01\/pexels-karolina-grabowska-5900186.jpg?resize=700%2C400&ssl=1 2x, https:\/\/i0.wp.com\/eliezerladeira.com.br\/blog\/wp-content\/uploads\/2025\/01\/pexels-karolina-grabowska-5900186.jpg?resize=1050%2C600&ssl=1 3x, https:\/\/i0.wp.com\/eliezerladeira.com.br\/blog\/wp-content\/uploads\/2025\/01\/pexels-karolina-grabowska-5900186.jpg?resize=1400%2C800&ssl=1 4x"},"classes":[]},{"id":2660,"url":"https:\/\/eliezerladeira.com.br\/blog\/produto\/administracao-do-tempo\/","url_meta":{"origin":2942,"position":4},"title":"Administra\u00e7\u00e3o do Tempo","author":"admin","date":"","format":false,"excerpt":"Saiba como otimizar seu tempo e melhore sua qualidade de vida.","rel":"","context":"Post similar","block_context":{"text":"Post similar","link":""},"img":{"alt_text":"","src":"https:\/\/i0.wp.com\/eliezerladeira.com.br\/blog\/wp-content\/uploads\/2025\/01\/watch-work-hand-clock-time-hour-959022-pxhere.com_.jpg?resize=350%2C200&ssl=1","width":350,"height":200,"srcset":"https:\/\/i0.wp.com\/eliezerladeira.com.br\/blog\/wp-content\/uploads\/2025\/01\/watch-work-hand-clock-time-hour-959022-pxhere.com_.jpg?resize=350%2C200&ssl=1 1x, https:\/\/i0.wp.com\/eliezerladeira.com.br\/blog\/wp-content\/uploads\/2025\/01\/watch-work-hand-clock-time-hour-959022-pxhere.com_.jpg?resize=525%2C300&ssl=1 1.5x, https:\/\/i0.wp.com\/eliezerladeira.com.br\/blog\/wp-content\/uploads\/2025\/01\/watch-work-hand-clock-time-hour-959022-pxhere.com_.jpg?resize=700%2C400&ssl=1 2x, https:\/\/i0.wp.com\/eliezerladeira.com.br\/blog\/wp-content\/uploads\/2025\/01\/watch-work-hand-clock-time-hour-959022-pxhere.com_.jpg?resize=1050%2C600&ssl=1 3x"},"classes":[]},{"id":2658,"url":"https:\/\/eliezerladeira.com.br\/blog\/produto\/administracao-de-empresas\/","url_meta":{"origin":2942,"position":5},"title":"Administra\u00e7\u00e3o de Empresas","author":"admin","date":"","format":false,"excerpt":"Conhe\u00e7a as diversas \u00e1reas de uma empresa e saiba como administr\u00e1-las.","rel":"","context":"Post similar","block_context":{"text":"Post similar","link":""},"img":{"alt_text":"","src":"https:\/\/i0.wp.com\/eliezerladeira.com.br\/blog\/wp-content\/uploads\/2025\/01\/pexels-n-voitkevich-8062280.jpg?resize=350%2C200&ssl=1","width":350,"height":200,"srcset":"https:\/\/i0.wp.com\/eliezerladeira.com.br\/blog\/wp-content\/uploads\/2025\/01\/pexels-n-voitkevich-8062280.jpg?resize=350%2C200&ssl=1 1x, https:\/\/i0.wp.com\/eliezerladeira.com.br\/blog\/wp-content\/uploads\/2025\/01\/pexels-n-voitkevich-8062280.jpg?resize=525%2C300&ssl=1 1.5x, https:\/\/i0.wp.com\/eliezerladeira.com.br\/blog\/wp-content\/uploads\/2025\/01\/pexels-n-voitkevich-8062280.jpg?resize=700%2C400&ssl=1 2x, https:\/\/i0.wp.com\/eliezerladeira.com.br\/blog\/wp-content\/uploads\/2025\/01\/pexels-n-voitkevich-8062280.jpg?resize=1050%2C600&ssl=1 3x, https:\/\/i0.wp.com\/eliezerladeira.com.br\/blog\/wp-content\/uploads\/2025\/01\/pexels-n-voitkevich-8062280.jpg?resize=1400%2C800&ssl=1 4x"},"classes":[]}],"_links":{"self":[{"href":"https:\/\/eliezerladeira.com.br\/blog\/wp-json\/wp\/v2\/product\/2942","targetHints":{"allow":["GET"]}}],"collection":[{"href":"https:\/\/eliezerladeira.com.br\/blog\/wp-json\/wp\/v2\/product"}],"about":[{"href":"https:\/\/eliezerladeira.com.br\/blog\/wp-json\/wp\/v2\/types\/product"}],"replies":[{"embeddable":true,"href":"https:\/\/eliezerladeira.com.br\/blog\/wp-json\/wp\/v2\/comments?post=2942"}],"wp:featuredmedia":[{"embeddable":true,"href":"https:\/\/eliezerladeira.com.br\/blog\/wp-json\/wp\/v2\/media\/2943"}],"wp:attachment":[{"href":"https:\/\/eliezerladeira.com.br\/blog\/wp-json\/wp\/v2\/media?parent=2942"}],"wp:term":[{"taxonomy":"product_brand","embeddable":true,"href":"https:\/\/eliezerladeira.com.br\/blog\/wp-json\/wp\/v2\/product_brand?post=2942"},{"taxonomy":"product_cat","embeddable":true,"href":"https:\/\/eliezerladeira.com.br\/blog\/wp-json\/wp\/v2\/product_cat?post=2942"},{"taxonomy":"product_tag","embeddable":true,"href":"https:\/\/eliezerladeira.com.br\/blog\/wp-json\/wp\/v2\/product_tag?post=2942"}],"curies":[{"name":"wp","href":"https:\/\/api.w.org\/{rel}","templated":true}]}}